0*k + 245. What are the prime factors of r?
5, 13
Let k = 6 + -13. Let n(w) = w + 9. List the prime factors of n(k).
2
Suppose -196 - 56 = -4*o. What are the prime factors of o?
3, 7
Suppose 0*q + q - 120 = 0. Suppose q = s + 2*s. Suppose 10 = -5*u + s. What are the prime factors of u?
2, 3
Suppose 0 = -q - 0*q + 18. Suppose 4*s + 11 = -5. List the prime factors of 1/2 - q/s.
5
Suppose -2*d + 6*d = 56. What are the prime factors of 4/d + (-243)/(-7)?
5, 7
Let w = -91 + 193. What are the prime factors of w?
2, 3, 17
Suppose -y = -25 - 28. Let c = -38 + y. What are the prime factors of c?
3, 5
Let q = 5 - 8. Let v = q + 3. Suppose v = -b + 2, -28 = -4*o - 3*b - b. What are the prime factors of o?
5
Let b(k) = 3*k + 5. Let t be b(4). Let a = t - -2. Suppose 5 = -2*l + a. List the prime factors of l.
7
Let t(p) = 4*p - 2 + 1 + 3 + p**2. Let q be (-4)/(6/(-3))*-2. What are the prime factors of t(q)?
2
Let q = -18 - -29. List the prime factors of q.
11
List the prime factors of ((-84)/(-16))/((-15)/(-40)).
2, 7
Suppose 0 = -6*h + 12 + 12. Suppose h*q = -q + 140. List the prime factors of q.
2, 7
Let l = 22 - 13. Let z be l/(-15) + (-26)/(-10). Suppose -11 - 15 = -z*s. What are the prime factors of s?
13
Let k = -31 - -52. Let f = k - 10. List the prime factors of f.
11
Let g = -4 + 11. Let o(n) be the second derivative of n**4/12 - 7*n**3/6 + n**2 - 15*n. List the prime factors of o(g).
2
Suppose 0 = 5*v - 2*n - 229, -v + 0*n - 4*n + 37 = 0. Suppose -v = -5*i - 5. List the prime factors of i.
2
Let u = 19 - -33. List the prime factors of u.
2, 13
Let d be 16/40 - (-93)/5. Let x = -9 + d. List the prime factors of x.
2, 5
List the prime factors of 418/5 - 6/(-15).
2, 3, 7
Suppose 4*r - 5*z + 11 = -9, 3*z - 12 = -4*r. Suppose r = 2*u + 2*u - 20. What are the prime factors of u?
5
Suppose -3 = 5*v - 18. What are the prime factors of 1*53*v/3?
53
Suppose 3*d + d = 0. Suppose -v - v + 64 = d. List the prime factors of v.
2
Suppose 0 = 3*x + 12 - 75. Let k = x - 2. What are the prime factors of k?
19
Let a be 25/15 - (-14)/(-3). Let h(r) = r + 3. Let s be h(-4). What are the prime factors of 1/s*(-5 - a)?
2
Let s be 4 - (4 - -3) - 16. Let d = s - -44. What are the prime factors of d?
5
Suppose 0 = -16*k + 5933 - 893. List the prime factors of k.
3, 5, 7
Let j(l) = l**3 - 7*l**2 + l + 1. What are the prime factors of j(7)?
2
Suppose 3 - 1 = r. List the prime factors of r/4 - (-184)/16.
2, 3
Let c = 16 + -2. Suppose -h + j = -0*j, 5*h + 2*j - c = 0. Suppose h*k - 20 = -0. List the prime factors of k.
2, 5
Let f = 1 - 0. Suppose 21 = 2*l + f. List the prime factors of l.
2, 5
Suppose 0 = o - 17 + 3. Suppose -o = -4*b - 6. What are the prime factors of b?
2
Let m = 18 - 33. Let t be (-1)/(-3) + (-25)/m. Suppose -72 = -2*d - t*d. What are the prime factors of d?
2, 3
Let n(t) = -t**2 - t + 6. Let k be n(-7). Let i = k + 59. Let m = -14 + i. What are the prime factors of m?
3
Let i(t) = t**2 - 2*t - 8. Let s = -4 - -9. What are the prime factors of i(s)?
7
Let j(t) = t**3 - 7*t**2 + 6*t + 2. Let s be (-4 - (0 + 2)) + -2. Let q be (s/(-1) + -2)/1. What are the prime factors of j(q)?
2
Suppose 3*d = -4*i - 9, -4*d + 5*i + 13 = 2*i. Suppose -6 = u - d. What are the prime factors of 56/10 + (-2)/u?
2, 3
Suppose k = -2*k + 30. Suppose 0 = -10*f + 5*f + k. Suppose -50 = -5*m + 4*g, 4*m + 3*g + 1 = -f*g. What are the prime factors of m?
2, 3
Suppose -5*b + 136 = 3*n, b = -3*b + 2*n + 122. List the prime factors of b.
29
List the prime factors of 4/(-6) + (-262)/(-6).
43
Let x(k) = -8*k**2 + 9*k - 6. Let l(j) = -7*j**2 + 9*j - 7. Let u(v) = -5*l(v) + 4*x(v). List the prime factors of u(5).
41
Let f = -326 - -620. What are the prime factors of f?
2, 3, 7
Suppose -u + 4 = -2. Let o(j) = -j**2 + 6*j + 2. What are the prime factors of o(u)?
2
Let r = 65 + -131. Let m(w) = w. Let j be m(3). What are the prime factors of (2/j)/((-4)/r)?
11
Let v(u) = -u**2 + 78. List the prime factors of v(0).
2, 3, 13
Suppose -4 = x, -4*x = -j + 3*j - 320. List the prime factors of j.
2, 3, 7
What are the prime factors of (2 - 5)*49/(-3)?
7
Let c(x) = -x + 8. Let j be c(6). Let l(k) = 2*k**3 - k**2 + k + 1. Let i be l(j). List the prime factors of 5/i*(-57)/(-1).
19
Let o(n) = n**3 + 6*n**2 - 2. List the prime factors of o(-5).
23
Let l(o) = o**3 - 9*o**2 + 9*o - 3. Let b be l(8). Suppose -3*h - 35 = r - 132, b*r = 5*h - 135. List the prime factors of h.
31
Let b = -19 - -29. What are the prime factors of b?
2, 5
Suppose 22 = -h - 2*c - 7, 5*h + 2*c + 145 = 0. Let j = 62 + h. List the prime factors of j.
3, 11
Suppose -3*s + 0*u = -2*u + 50, -3*u = -2*s - 30. Let d be 104/18 - 4/s. List the prime factors of 4/3 + 4/d.
2
Let p(i) = -i**2 - 4*i - 1. Let g be p(-4). Suppose 26 = v + 2*v + 4*f, -4*v = -3*f - 18. Let k = g + v. List the prime factors of k.
5
What are the prime factors of 3222/66 + (-2)/(-11)?
7
Suppose -3*k + 30 = -27. List the prime factors of k.
19
Let q(i) = 3*i + 3*i + 4 - i**2 - i + 2*i. Suppose h + 13 = -4*x, -5*h + 33 = -h - x. List the prime factors of q(h).
2
Let l = -15 - -48. List the prime factors of l.
3, 11
Suppose 5*t = 2*t + 21. Suppose -5*j + 5*h + 180 = 0, -t*h - 10 = -2*h. What are the prime factors of j?
2, 17
Suppose -5*w + 95 = -5*k, 22*k - 66 = -2*w + 17*k. List the prime factors of w.
23
Let x be (-2 - 38)*2/5. Let h = 31 + x. What are the prime factors of h?
3, 5
Let a(m) = 13*m. Let s = 2 - 1. Let i be a(s). Suppose 3*x = i + 14. List the prime factors of x.
3
What are the prime factors of 19/(((-12)/(-3))/4)?
19
Let u = 46 + 190. List the prime factors of u.
2, 59
Suppose -23 = -2*t + 5*y, 2*t - 7 = 2*y + 1. Let m be 1 - t*(1 - 2). Suppose m = -4*z + 24 + 60. What are the prime factors of z?
3, 7
Let y be 85/(-15) - (-2)/3. Let i(c) = -c**2 + c + 5. Let s be i(y). Let j = 36 + s. What are the prime factors of j?
11
Let r(x) = -13*x - 3. List the prime factors of r(-3).
2, 3
Let x be ((-7)/2)/((-1)/6). Let s be ((-10)/(-15))/(2/x). Suppose s*i - 9 = 4*i. List the prime factors of i.
3
Let a(f) = -7*f + 6. What are the prime factors of a(-6)?
2, 3
Let x(h) be the first derivative of h**3/3 + 2*h**2 + 7*h + 3. List the prime factors of x(-6).
19
Suppose 5 = 5*c, h - 2*c - 7 = -7*c. Suppose 1 = w - h. What are the prime factors of w?
3
Let i be 0/(-3) + 1*2. Suppose i*p - 2 = j, -p - j + 15 = -5*j. List the prime factors of (p*1)/((-4)/28).
7
Let r(n) = -n**3 + 16*n**2 - 2*n - 3. Let c = 14 + -25. Let p(j) = -2*j**3 + 31*j**2 - 5*j - 6. Let m(k) = c*r(k) + 6*p(k). List the prime factors of m(9).
2, 3
Suppose 0 = -7*o + 2*o - 2*w + 3, -3*o + 1 = 2*w. List the prime factors of ((-4)/(-2) - o) + 39.
2, 5
Let z = 19 - 7. List the prime factors of z.
2, 3
Suppose -2*a = -d - 5, -5*a + 1 = -d - 13. Suppose -a*j = 2*j - 145. What are the prime factors of j?
29
Suppose 0 = 3*g - 5*g + 10. What are the prime factors of g?
5
Suppose 0 = o + 2*o - 102. Let u = o - 53. Let q = 30 + u. What are the prime factors of q?
11
Let s(y) = -4*y + 51. What are the prime factors of s(-7)?
79
Suppose 0*y = -6*y + 24. List the prime factors of y.
2
List the prime factors of 1264/24 + 4/(-6).
2, 13
Suppose -2*w + 148 = -0*w. List the prime factors of w.
2, 37
Suppose -1334 = -10*s + 426. What are the prime factors of s?
2, 11
Suppose 3*t = 3*k - 48, k + 6 = -4*t - 43. What are the prime factors of (t/(-2))/((-10)/(-20))?
13
Let q be (34 + -1 - -2) + 1. Suppose -111 + q = -3*r. List the prime factors of r.
5
Let q = 5 + 1. List the prime factors of 216/22 + q/33.
2, 5
Let u(r) = r**3 - 3*r**2. Let x be u(3). Suppose 2*m - 85 + 11 = x. Suppose -3*s - 3*t = s - m, 0 = -3*s + t + 18. List the prime factors of s.
7
Let z be (18/4)/((-3)/8). Let r = z - -46. What are the prime factors of r?
2, 17
Suppose 2415 = 7*m - 476. What are the prime factors of m?
7, 59
Suppose 76 = -5*r + 16. Let l = 29 + r. List the prime factors of l.
17
Suppose -529 = -7*i + 1270. List the prime factors of i.
257
Let u = -545 + 763. Suppose 0 = 4*c - g - u, -3*g + g - 271 = -5*c. List the prime factors of c.
5, 11
Let b(q) = q**3 + 6*q**2 - 9*q - 3. List the prime factors of b(-7).
11
Let f be 0*((-9)/6)/(-3). Suppose f = -2*j + 4*j. List the prime factors of (j - 1)*1*-11.
11
What are the prime factors o